c(t) = 30*t**2 - 1. Let f be c(1). Suppose -4*r - p = -112, -r + 2*r + 7*p - 1 = 0. What is the highest common factor of f and r?
29
Let k = 28 - -10. Let j = -24 + k. Let n be (7/(-2))/(2/(-20)). Calculate the highest common factor of n and j.
7
Let c(m) = 8*m + 31. Let o be c(-9). Let y = o + 52. What is the greatest common divisor of 22 and y?
11
Suppose -17*z + z = 176. Let f = 28 + 19. Let k = z + f. What is the highest common factor of 24 and k?
12
Suppose -18*z + 772 = 160. What is the greatest common factor of 1462 and z?
34
Let c be (-2)/(-15) - 79572/90. Let w = c - -2288. Suppose 0*r + w = 6*r. Calculate the greatest common factor of 26 and r.
26
Let f = -166 + 189. Calculate the highest common divisor of f and 322.
23
Let d(v) = v**2 + 23*v + 62. Let j be d(-20). Let p be 1752/5 + (-2)/5. Let b be j/9 + p/45. Calculate the highest common divisor of 8 and b.
8
Let x be (40/(-30))/((-4)/(-6)) - -57. Calculate the highest common divisor of x and 65.
5
Let k(p) = 21*p + 3. Let a be k(14). What is the highest common factor of 11 and a?
11
Let u(i) = -i**3 + 11*i**2 + 4*i + 30. Let p be u(-5). What is the greatest common divisor of 50 and p?
10
Suppose -2*w = w - 6. Suppose w*d - f - f = 26, 2*d + 2*f = 26. Let c be 48/(-312) + (-342)/(-26). Calculate the greatest common factor of c and d.
13
Suppose 3*a = -6*a + 81. Let y = -21 - -84. What is the greatest common divisor of a and y?
9
Let c be (375 - 0/(-8)) + (2 - 2). Calculate the greatest common divisor of c and 15.
15
Suppose 0 = -3*c + 4*c - 2*t - 10, 2*c + 4*t = 36. Suppose -v + 34 = c. Calculate the greatest common divisor of 30 and v.
10
Suppose -460*o - 342 = -463*o. What is the highest common factor of 2109 and o?
57
Let a(u) = -11 + u + 5*u**2 - 4*u**2 - 11*u + 0*u. Let c be a(11). Suppose -3*p = -6, -4*m = -c*p - 5*p - 22. What is the highest common factor of m and 4?
4
Let a(v) = -48*v**2 + 2*v - 1. Let l be a(1). Suppose 3*i - 4*q = 518, 0 = -2*q - 8 - 2. Let m = i + l. What is the greatest common factor of 17 and m?
17
Suppose -2*m = -4*m. Suppose -2*t + m*t = -150. Let y(w) = -w**3 + 74*w**2 - 143*w - 42. Let s be y(72). What is the highest common factor of t and s?
15
Let l be -1*1*16/(-4). Suppose 5*o = 2*y + 3*y, 2*o - l*y = -4. Let b be ((-3)/o)/((-7)/98). What is the greatest common divisor of b and 21?
21
Suppose 0 = -4*s + 5*d - 28, 4*s + 4*d - 10 + 2 = 0. Let f be (66 - 7) + (-2)/s. Calculate the greatest common divisor of f and 24.
12
Let x = -5754 - -10407. Calculate the highest common divisor of 11 and x.
11
Suppose 0 = -4*z - 4, -3*n + 43 = -11*z + 16*z. What is the greatest common divisor of n and 496?
16
Let l(v) = -179*v - 1032. Let w be l(-6). What is the highest common divisor of w and 1449?
21
Let k(s) = 2*s + 38. Let x be k(11). What is the greatest common factor of x and 330?
30
Suppose 260*j - 302*j + 588 = 0. What is the highest common divisor of j and 1120?
14
Suppose -3*l - n = 2 - 12, -5*n = 3*l - 14. What is the highest common divisor of 33 and l?
3
Suppose 37 = -2*x + 5*m, -m + 5*m = -x - 51. Let y = x + 49. Calculate the greatest common factor of y and 27.
9
Suppose -116*l + 165 = -111*l. Calculate the greatest common divisor of l and 66.
33
Let g be 1 + 2/2 + 9. Let j(h) = h**3 - 24*h**2 + 25*h - 13. Let l be 22/1 + 4/4. Let y be j(l). What is the highest common divisor of y and g?
11
Let v = -621 - -649. Calculate the highest common divisor of v and 1820.
28
Suppose -7*z - 9 + 23 = 0. Suppose 5*x + 5*j - 40 = 0, -6*x - z*j + 40 = -2*x. Calculate the highest common factor of x and 60.
12
Suppose -4*b - 7*b = -968. What is the highest common divisor of b and 11?
11
Let q be (-14 - 0)*1824/(-168). Calculate the greatest common divisor of 133 and q.
19
Let h = -31 + 33. Suppose -2*r - j = -89, -h*j + 4 = 6. Calculate the greatest common divisor of 5 and r.
5
Let a(h) = 6*h - 32. Let w be a(8). Suppose 8*x = 2 + 62. Calculate the highest common divisor of w and x.
8
Suppose -2*s = -116 - 556. Suppose -3*z = 4*u - s, u + 5*z + 39 = 140. Let x be (u/(-21) + 3)*-35. What is the greatest common factor of x and 75?
15
Let c be 3 + 40/(-6)*(1 - -2). Let d = -5 - c. Calculate the highest common factor of 16 and d.
4
Let q = -1884 + 1900. What is the highest common divisor of 100 and q?
4
Suppose -4*m - 6 = -14. Suppose -2 = -m*g - d, 3*d - 4 = -5*g - 1. Suppose 10 = 5*t, -4*t + 0*t = g*a - 23. Calculate the highest common divisor of 45 and a.
5
Suppose -38 = -5*m - 0*a - 2*a, 3*m + a - 23 = 0. Let l(u) = 81*u**2 - u. Suppose 4*t + 0 = 4. Let i be l(t). Calculate the greatest common factor of i and m.
8
Let n(i) = -i + 21. Let h be n(11). Calculate the highest common divisor of 80 and h.
10
Let g = -27 + 47. Let h = -14 - -14. Suppose h = -6*y - y + 420. What is the greatest common divisor of y and g?
20
Suppose 5*w - 946 = -2*h + 704, 0 = 3*h. Suppose 0 = -3*n + 8*n - j - w, -j = n - 66. Calculate the greatest common factor of 22 and n.
22
Suppose 2*h + 0 + 2 = 0. Let a be (1/h)/(2/206). Let g = a - -215. What is the highest common divisor of g and 28?
28
Let l(j) = -j**2 + 15*j - 2. Let k be l(13). Let d(v) = v**3 + 16*v**2 + 6*v + 102. Let c be d(-16). What is the highest common factor of k and c?
6
Let w be ((-416)/40 + 10)/(2/(-750)). Calculate the highest common factor of 42 and w.
6
Let c(o) = 19*o + 1. Let z be c(-1). Let f be z/(-4)*(-19)/((-114)/144). What is the highest common factor of f and 12?
12
Suppose 48 = 2*f + f - 4*z, 5*f = 3*z + 69. Suppose 160 = 3*u - 2*k, 3*u + u + 5*k = 198. Let i = f + u. What is the highest common divisor of 16 and i?
16
Let x = -425 - -437. What is the greatest common factor of 138 and x?
6
Let u(i) be the third derivative of -5*i**4/6 - i**3/3 - 25*i**2. Let k be u(-4). Calculate the greatest common factor of k and 52.
26
Let w be ((-6)/10)/((-2)/120). Let h be 6/9 + 84/9. Let k be ((-8)/10)/((-2)/h). Calculate the greatest common factor of w and k.
4
Suppose -3*a + 16 = 4. Let d = a - -29. What is the highest common factor of 3 and d?
3
Let x be -1 - -25 - 7/(-7). What is the greatest common divisor of x and 125?
25
Let l = -104 + 89. Suppose -k = -3*k - 56. Let j be -1 + l*k/4. Calculate the greatest common divisor of 13 and j.
13
Suppose 6*i - 517 = 191. Calculate the greatest common divisor of 413 and i.
59
Let z = 135 - -40. Suppose 2*q + 2*m - 3 = 9, 4*q - 2*m - 6 = 0. Suppose q*s + 209 = 284. What is the greatest common factor of s and z?
25
Suppose 286 = 3*r + 214. What is the highest common factor of 36 and r?
12
Suppose 50*f - 3773 + 773 = 0. Calculate the greatest common factor of f and 380.
20
Suppose -3*q + 2*v + 478 = 0, v - 802 = -5*q + 3*v. Let t = q + -96. Calculate the greatest common divisor of 165 and t.
33
Let b(n) = -n**3 - 7*n**2 + 3*n - 2. Let t be b(-8). Let i = -14 + t. Let v be 420/i - (-1)/2. Calculate the highest common divisor of v and 2.
2
Let n(c) = c**3 + c**2 - 32*c - 1. Let z be n(6). Suppose 1366 = 4*u - 758. Calculate the greatest common factor of z and u.
59
Suppose -1307 = -2*o - 5*c, -3*o + o = -3*c - 1283. Calculate the greatest common factor of 34 and o.
34
Let z(b) = -b**3 + 12*b**2 + 2*b + 20. Let y be z(10). Calculate the highest common divisor of 15 and y.
15
Suppose -2*l + 20 = l + b, -4*l + 25 = b. What is the greatest common divisor of l and 20?
5
Suppose 9 - 1 = -k + 4*n, -2*k - 2*n + 24 = 0. Calculate the highest common divisor of 34 and k.
2
Let i(m) = m + 14. Let u(y) = -y**3 - 7*y**2 + 19*y + 1. Let w be u(-9). Let a be i(w). Suppose -2*c = -0 - 2. Calculate the greatest common factor of c and a.
1
Suppose 5*u - 4*x - 3543 = -959, -5*u = -5*x - 2580. Calculate the highest common divisor of u and 65.
65
Let n be -80 + -3 + (-4 - -6). Let q be n - (-1)/(-1 + 0). Let x be q/(-12) - 10/(-60). Calculate the greatest common factor of x and 14.
7
Let i(h) = -10*h**2 + 9*h - 36. Let x(z) = 7*z**2 - 6*z + 24. Let n(v) = -5*i(v) - 7*x(v). Let w be n(6). Calculate the highest common factor of 12 and w.
6
Let i be 762/8 + (-9)/(-12). Let h be -18*((-44)/(-24))/11*-4. What is the greatest common factor of h and i?
12
Suppose 0 = 75*c - 93*c + 6732. Calculate the greatest common factor of 68 and c.
34
Let g = 135 + -125. Let h = 30 + 0. Let d = h - g. Calculate the h